{"id":168,"date":"2021-03-26T22:32:21","date_gmt":"2021-03-26T21:32:21","guid":{"rendered":"http:\/\/www.xn--brger-fr-herborn-jzbg.de\/?page_id=168"},"modified":"2021-06-12T16:41:07","modified_gmt":"2021-06-12T15:41:07","slug":"ihre-ideen","status":"publish","type":"page","link":"http:\/\/www.xn--brger-fr-herborn-jzbg.de\/?page_id=168","title":{"rendered":"Ihre Ideen"},"content":{"rendered":"\n<p>&#8222;Wir f\u00fcr Herborn&#8220; hat das Ziel einen umfassenden Diskurs \u00fcber die zuk\u00fcnftige Stadtentwicklung mit einer breiten Beteiligung der B\u00fcrgerschaft und allen interessierten Gruppen zu f\u00fchren.<\/p>\n\n\n\n<p>Hier sind Ihre Ideen gefragt. Diese Seite ist nur Ihren Ideen vorbehalten. Bringen Sie sich ein, der Kreativit\u00e4t sind keine Grenzen gesetzt. Nutzen Sie bitte die Kommentarfunktion.<\/p>\n\n\n\n<p><\/p>\n","protected":false},"excerpt":{"rendered":"<p>&#8222;Wir f\u00fcr Herborn&#8220; hat das Ziel einen umfassenden Diskurs \u00fcber die zuk\u00fcnftige Stadtentwicklung mit einer breiten Beteiligung der B\u00fcrgerschaft und allen interessierten Gruppen zu f\u00fchren. Hier sind Ihre Ideen gefragt. Diese Seite ist nur Ihren Ideen vorbehalten. Bringen Sie sich ein, der Kreativit\u00e4t sind keine Grenzen gesetzt. Nutzen Sie bitte die Kommentarfunktion.<\/p>\n","protected":false},"author":1,"featured_media":171,"parent":0,"menu_order":0,"comment_status":"open","ping_status":"closed","template":"","meta":{"footnotes":""},"class_list":["post-168","page","type-page","status-publish","has-post-thumbnail","hentry"],"_links":{"self":[{"href":"http:\/\/www.xn--brger-fr-herborn-jzbg.de\/index.php?rest_route=\/wp\/v2\/pages\/168","targetHints":{"allow":["GET"]}}],"collection":[{"href":"http:\/\/www.xn--brger-fr-herborn-jzbg.de\/index.php?rest_route=\/wp\/v2\/pages"}],"about":[{"href":"http:\/\/www.xn--brger-fr-herborn-jzbg.de\/index.php?rest_route=\/wp\/v2\/types\/page"}],"author":[{"embeddable":true,"href":"http:\/\/www.xn--brger-fr-herborn-jzbg.de\/index.php?rest_route=\/wp\/v2\/users\/1"}],"replies":[{"embeddable":true,"href":"http:\/\/www.xn--brger-fr-herborn-jzbg.de\/index.php?rest_route=%2Fwp%2Fv2%2Fcomments&post=168"}],"version-history":[{"count":3,"href":"http:\/\/www.xn--brger-fr-herborn-jzbg.de\/index.php?rest_route=\/wp\/v2\/pages\/168\/revisions"}],"predecessor-version":[{"id":232,"href":"http:\/\/www.xn--brger-fr-herborn-jzbg.de\/index.php?rest_route=\/wp\/v2\/pages\/168\/revisions\/232"}],"wp:featuredmedia":[{"embeddable":true,"href":"http:\/\/www.xn--brger-fr-herborn-jzbg.de\/index.php?rest_route=\/wp\/v2\/media\/171"}],"wp:attachment":[{"href":"http:\/\/www.xn--brger-fr-herborn-jzbg.de\/index.php?rest_route=%2Fwp%2Fv2%2Fmedia&parent=168"}],"curies":[{"name":"wp","href":"https:\/\/api.w.org\/{rel}","templated":true}]}}